{"id":1144,"date":"2026-03-24T23:53:16","date_gmt":"2026-03-24T23:53:16","guid":{"rendered":"https:\/\/santajuanadearco.lasalleweb.ec\/?page_id=1144"},"modified":"2026-04-13T02:20:33","modified_gmt":"2026-04-13T02:20:33","slug":"nuestro-fundador-y-patronos","status":"publish","type":"page","link":"https:\/\/santajuanadearco.lasalleweb.ec\/?page_id=1144","title":{"rendered":"Nuestro Fundador y Patronos"},"content":{"rendered":"<p>[et_pb_section fb_built=\u00bb1&#8243; admin_label=\u00bbHeader\u00bb _builder_version=\u00bb4.25.0&#8243; _module_preset=\u00bbdefault\u00bb use_background_color_gradient=\u00bbon\u00bb background_color_gradient_direction=\u00bb90deg\u00bb background_color_gradient_stops=\u00bbgcid-a674551e-c023-4666-82b8-b7448e713885 40%|rgba(255,255,255,0) 40%\u00bb background_last_edited=\u00bbon|tablet\u00bb background_color_gradient_direction_tablet=\u00bb180deg\u00bb collapsed=\u00bbon\u00bb global_colors_info=\u00bb{%22gcid-a674551e-c023-4666-82b8-b7448e713885%22:%91%22background_color_gradient_stops%22%93}\u00bb][et_pb_row column_structure=\u00bb1_2,1_2&#8243; _builder_version=\u00bb4.25.0&#8243; _module_preset=\u00bbdefault\u00bb max_width=\u00bb1280px\u00bb custom_margin=\u00bb|auto|-37px|auto||\u00bb custom_padding=\u00bb||0px|||\u00bb global_colors_info=\u00bb{}\u00bb][et_pb_column type=\u00bb1_2&#8243; _builder_version=\u00bb4.25.0&#8243; _module_preset=\u00bbdefault\u00bb global_colors_info=\u00bb{}\u00bb][et_pb_image src=\u00bbhttps:\/\/santajuanadearco.lasalleweb.ec\/wp-content\/uploads\/2026\/04\/Juan-Bautista-de-La-Salle.jpg\u00bb title_text=\u00bbJuan Bautista de La Salle\u00bb _builder_version=\u00bb4.27.6&#8243; _module_preset=\u00bbdefault\u00bb max_height_tablet=\u00bb400px\u00bb max_height_phone=\u00bb400px\u00bb max_height_last_edited=\u00bbon|tablet\u00bb border_radii=\u00bbon|6px|6px|6px|6px\u00bb locked=\u00bboff\u00bb global_colors_info=\u00bb{}\u00bb][\/et_pb_image][\/et_pb_column][et_pb_column type=\u00bb1_2&#8243; _builder_version=\u00bb4.25.0&#8243; _module_preset=\u00bbdefault\u00bb custom_padding=\u00bb60px||60px||true|false\u00bb custom_padding_tablet=\u00bb0px||0px||true|false\u00bb custom_padding_phone=\u00bb0px||0px||true|false\u00bb custom_padding_last_edited=\u00bbon|desktop\u00bb global_colors_info=\u00bb{}\u00bb][et_pb_heading title=\u00bbFUNDADOR\u00bb _builder_version=\u00bb4.25.0&#8243; _module_preset=\u00bb0f41d3bd-437b-4bcd-b9b5-7986aab9339b\u00bb custom_margin=\u00bb||10px||false|false\u00bb locked=\u00bboff\u00bb global_colors_info=\u00bb{}\u00bb][\/et_pb_heading][et_pb_text _builder_version=\u00bb4.27.6&#8243; _module_preset=\u00bbe8ce0067-2d4c-4630-9207-d4b36e1b6cc1&#8243; global_colors_info=\u00bb{}\u00bb]<\/p>\n<h3><strong>San Juan Bautista de La Salle<\/strong><br \/><em>(Reims, Francia, 1651 \u2013 1719)<\/em><\/h3>\n<p>[\/et_pb_text][et_pb_text _builder_version=\u00bb4.27.6&#8243; _module_preset=\u00bbe8ce0067-2d4c-4630-9207-d4b36e1b6cc1&#8243; text_font_size=\u00bb36px\u00bb custom_padding=\u00bb||0px|||\u00bb global_colors_info=\u00bb{}\u00bb]<\/p>\n<h4>San Juan Bautista de La Salle fue sacerdote, pedagogo y fundador del Instituto de los Hermanos de las Escuelas Cristianas. En 1950 fue proclamado Patrono Universal de los Educadores, en reconocimiento a su aporte trascendental a la educaci\u00f3n cristiana y a la formaci\u00f3n docente.\u00a0Vivi\u00f3 en una \u00e9poca marcada por profundas desigualdades sociales. Sensible a esta realidad, comprendi\u00f3 que la educaci\u00f3n era el camino para dignificar a la persona y transformar la sociedad.<\/h4>\n<h4>Convencido de que la ense\u00f1anza deb\u00eda ser un derecho y no un privilegio, impuls\u00f3 la creaci\u00f3n de\u00a0escuelas gratuitas, especialmente destinadas a ni\u00f1os y j\u00f3venes en situaci\u00f3n de mayor vulnerabilidad.<\/h4>\n<p>[\/et_pb_text][\/et_pb_column][\/et_pb_row][et_pb_row _builder_version=\u00bb4.25.0&#8243; _module_preset=\u00bbdefault\u00bb max_width=\u00bb1280px\u00bb global_colors_info=\u00bb{}\u00bb][et_pb_column type=\u00bb4_4&#8243; _builder_version=\u00bb4.25.0&#8243; _module_preset=\u00bbdefault\u00bb global_colors_info=\u00bb{}\u00bb][et_pb_text _builder_version=\u00bb4.27.6&#8243; _module_preset=\u00bbe8ce0067-2d4c-4630-9207-d4b36e1b6cc1&#8243; text_font_size=\u00bb25px\u00bb custom_padding=\u00bb||0px|0px||\u00bb global_colors_info=\u00bb{}\u00bb]<\/p>\n<h4 style=\"text-align: justify;\">Convencido de que la ense\u00f1anza deb\u00eda ser un derecho y no un privilegio, impuls\u00f3 la creaci\u00f3n de escuelas gratuitas, especialmente destinadas a ni\u00f1os y j\u00f3venes en situaci\u00f3n de mayor vulnerabilidad .<\/h4>\n<h4 style=\"text-align: justify;\">Estructur\u00f3 un modelo pedag\u00f3gico organizado y sistem\u00e1tico do de propuso la ense\u00f1anza simult\u00e1nea, en la que un docente instru\u00eda a un grupo organizado por niveles de aprendizaje. Este modelo establec\u00eda horarios definidos, contenidos secuenciados, normas claras de disciplina y evaluaci\u00f3n continua.<\/h4>\n<h4 style=\"text-align: justify;\">Adem\u00e1s, profesionaliz\u00f3 la labor docente mediante la\u00a0formaci\u00f3n sistem\u00e1tica de maestros, el trabajo en comunidad y una metodolog\u00eda centrada en el acompa\u00f1amiento cercano, la fe y el desarrollo integral del estudiante.<\/h4>\n<div class=\"wp-block-image\">\n<h4 class=\"alignright size-large is-resized\"><img decoding=\"async\" loading=\"lazy\" src=\"http:\/\/www.lasalle-cariamanga.edu.ec\/wp-content\/uploads\/2026\/03\/34944639906_e6032fc996_k-879x1024.jpg\" alt=\"\" class=\"wp-image-1829\" width=\"583\" height=\"678\" srcset=\"https:\/\/www.lasalle-cariamanga.edu.ec\/wp-content\/uploads\/2026\/03\/34944639906_e6032fc996_k-879x1024.jpg 879w, https:\/\/www.lasalle-cariamanga.edu.ec\/wp-content\/uploads\/2026\/03\/34944639906_e6032fc996_k-258x300.jpg 258w, https:\/\/www.lasalle-cariamanga.edu.ec\/wp-content\/uploads\/2026\/03\/34944639906_e6032fc996_k-768x895.jpg 768w, https:\/\/www.lasalle-cariamanga.edu.ec\/wp-content\/uploads\/2026\/03\/34944639906_e6032fc996_k-1319x1536.jpg 1319w, https:\/\/www.lasalle-cariamanga.edu.ec\/wp-content\/uploads\/2026\/03\/34944639906_e6032fc996_k.jpg 1758w\" sizes=\"(max-width: 329px) 100vw, 329px\" \/><\/h4>\n<\/div>\n<h4>Como fruto de su experiencia y del trabajo conjunto con los primeros Hermanos, Juan Bautista de La Salle escribi\u00f3 diversas obras escolares y espirituales. Entre ellas destaca<span>\u00a0<\/span><strong>\u201cLa Gu\u00eda de las Escuelas Cristianas\u201d<\/strong>, considerada una de las obras pedag\u00f3gicas m\u00e1s importantes del siglo XVII. Este texto, de car\u00e1cter colectivo, recogi\u00f3 su experiencia educativa y se convirti\u00f3 en referente dominante en las escuelas francesas de varones durante varios siglos.<\/h4>\n<h4>El legado de San Juan Bautista de La Salle trasciende el tiempo y las fronteras. Su carisma contin\u00faa inspirando a miles de instituciones educativas en el mundo que promueven una educaci\u00f3n humana, cristiana y de calidad, fiel a los valores de fraternidad, servicio y compromiso social que dieron origen a la misi\u00f3n lasallista.<\/h4>\n<p>&nbsp;<\/p>\n<p>&nbsp;<\/p>\n<p>&nbsp;<\/p>\n<p>&nbsp;<\/p>\n<p>&nbsp;<\/p>\n<p>[\/et_pb_text][et_pb_heading title=\u00bbSantos Patronos\u00bb _builder_version=\u00bb4.27.6&#8243; _module_preset=\u00bb0f41d3bd-437b-4bcd-b9b5-7986aab9339b\u00bb custom_margin=\u00bb||10px||false|false\u00bb hover_enabled=\u00bb0&#8243; locked=\u00bboff\u00bb global_colors_info=\u00bb{}\u00bb title_text_align=\u00bbcenter\u00bb sticky_enabled=\u00bb0&#8243;][\/et_pb_heading][\/et_pb_column][\/et_pb_row][et_pb_row _builder_version=\u00bb4.27.6&#8243; _module_preset=\u00bbdefault\u00bb column_structure=\u00bb1_3,1_3,1_3&#8243; min_height=\u00bb208px\u00bb][et_pb_column _builder_version=\u00bb4.27.6&#8243; _module_preset=\u00bbdefault\u00bb type=\u00bb1_3&#8243;][\/et_pb_column][et_pb_column _builder_version=\u00bb4.27.6&#8243; _module_preset=\u00bbdefault\u00bb type=\u00bb1_3&#8243;][\/et_pb_column][et_pb_column _builder_version=\u00bb4.27.6&#8243; _module_preset=\u00bbdefault\u00bb type=\u00bb1_3&#8243;][\/et_pb_column][\/et_pb_row][\/et_pb_section]<\/p>\n","protected":false},"excerpt":{"rendered":"<p>San Juan Bautista de La Salle(Reims, Francia, 1651 \u2013 1719)San Juan Bautista de La Salle fue sacerdote, pedagogo y fundador del Instituto de los Hermanos de las Escuelas Cristianas. En 1950 fue proclamado Patrono Universal de los Educadores, en reconocimiento a su aporte trascendental a la educaci\u00f3n cristiana y a la formaci\u00f3n docente.\u00a0Vivi\u00f3 en una [&hellip;]<\/p>\n","protected":false},"author":5,"featured_media":0,"parent":0,"menu_order":0,"comment_status":"closed","ping_status":"closed","template":"","meta":{"_et_pb_use_builder":"on","_et_pb_old_content":"","_et_gb_content_width":"","footnotes":""},"class_list":["post-1144","page","type-page","status-publish","hentry"],"_links":{"self":[{"href":"https:\/\/santajuanadearco.lasalleweb.ec\/index.php?rest_route=\/wp\/v2\/pages\/1144","targetHints":{"allow":["GET"]}}],"collection":[{"href":"https:\/\/santajuanadearco.lasalleweb.ec\/index.php?rest_route=\/wp\/v2\/pages"}],"about":[{"href":"https:\/\/santajuanadearco.lasalleweb.ec\/index.php?rest_route=\/wp\/v2\/types\/page"}],"author":[{"embeddable":true,"href":"https:\/\/santajuanadearco.lasalleweb.ec\/index.php?rest_route=\/wp\/v2\/users\/5"}],"replies":[{"embeddable":true,"href":"https:\/\/santajuanadearco.lasalleweb.ec\/index.php?rest_route=%2Fwp%2Fv2%2Fcomments&post=1144"}],"version-history":[{"count":4,"href":"https:\/\/santajuanadearco.lasalleweb.ec\/index.php?rest_route=\/wp\/v2\/pages\/1144\/revisions"}],"predecessor-version":[{"id":1470,"href":"https:\/\/santajuanadearco.lasalleweb.ec\/index.php?rest_route=\/wp\/v2\/pages\/1144\/revisions\/1470"}],"wp:attachment":[{"href":"https:\/\/santajuanadearco.lasalleweb.ec\/index.php?rest_route=%2Fwp%2Fv2%2Fmedia&parent=1144"}],"curies":[{"name":"wp","href":"https:\/\/api.w.org\/{rel}","templated":true}]}}