{"id":145,"date":"2024-02-14T14:19:07","date_gmt":"2024-02-14T14:19:07","guid":{"rendered":"https:\/\/santajuanadearco.lasalleweb.ec\/?page_id=145"},"modified":"2026-04-22T17:27:48","modified_gmt":"2026-04-22T17:27:48","slug":"historia","status":"publish","type":"page","link":"https:\/\/santajuanadearco.lasalleweb.ec\/?page_id=145","title":{"rendered":"Historia"},"content":{"rendered":"<p>[et_pb_section fb_built=\u00bb1&#8243; admin_label=\u00bbHeader\u00bb _builder_version=\u00bb4.23.1&#8243; _module_preset=\u00bbdefault\u00bb background_color=\u00bbgcid-d214ab81-0383-475f-b48e-2c27b44bd017&#8243; custom_padding=\u00bb||26px|||\u00bb collapsed=\u00bbon\u00bb global_colors_info=\u00bb{%22gcid-d214ab81-0383-475f-b48e-2c27b44bd017%22:%91%22background_color%22%93}\u00bb][et_pb_row _builder_version=\u00bb4.23.1&#8243; _module_preset=\u00bbdefault\u00bb global_colors_info=\u00bb{}\u00bb][et_pb_column type=\u00bb4_4&#8243; _builder_version=\u00bb4.23.1&#8243; _module_preset=\u00bbdefault\u00bb global_colors_info=\u00bb{}\u00bb][et_pb_text _builder_version=\u00bb4.23.1&#8243; _module_preset=\u00bba6ffdbd9-a3f8-4ad7-9e5d-3fbeff1bbe47&#8243; text_orientation=\u00bbcenter\u00bb global_colors_info=\u00bb{}\u00bb]<\/p>\n<h1>Nuestra Historia<\/h1>\n<p>[\/et_pb_text][\/et_pb_column][\/et_pb_row][et_pb_row use_custom_gutter=\u00bbon\u00bb _builder_version=\u00bb4.24.0&#8243; _module_preset=\u00bbdefault\u00bb custom_margin=\u00bb|auto||236px||\u00bb custom_padding=\u00bb|0px||||\u00bb global_colors_info=\u00bb{}\u00bb][et_pb_column type=\u00bb4_4&#8243; _builder_version=\u00bb4.23.1&#8243; _module_preset=\u00bbdefault\u00bb global_colors_info=\u00bb{}\u00bb][et_pb_text _builder_version=\u00bb4.27.6&#8243; _module_preset=\u00bbdefault\u00bb hover_enabled=\u00bb0&#8243; sticky_enabled=\u00bb0&#8243; header_font_size=\u00bb19px\u00bb min_height=\u00bb919px\u00bb]<\/p>\n<h5 style=\"text-align: center;\"><span style=\"font-size: xx-large;\"><strong><em>LA UNIDAD EDUCATIVA FISCOMISIONAL <\/em><\/strong><strong><em>SANTA JUANA DE ARCO \u201cLA SALLE\u201d<\/em><\/strong><\/span><\/h5>\n<h5 style=\"text-align: center;\"><span style=\"font-size: xx-large;\"><strong><em>CARIAMANGA-LOJA-ECUADOR.<br \/><\/em><\/strong><strong>Creaci\u00f3n: 22-marzo-1922.<\/strong><\/span><\/h5>\n<h2 style=\"text-align: justify;\"><span style=\"font-size: x-large;\"><strong>Fue, el Sr. Don Carlos Eguiguren, secundado por su cristiana familia e impulsado por los nobles hijos de Cariamanga lanz\u00f3 la primera propuesta de fundaci\u00f3n ante el Muy Reverendo Hermano Imon\u00eds, Visitador de ese entonces. Aceptada la propuesta, se difundi\u00f3 la noticia y \u00abel celos\u00edsimo p\u00e1rroco Dr. Adolfo Letombe trabaj\u00f3 sin tregua reuniendo las voluntades en una sola y haciendo de infinidad de corazones divididos un solo coraz\u00f3n para la construcci\u00f3n del edificio que deb\u00eda servir para la Escuela Cristiana\u00bb<\/strong><\/span><\/h2>\n<h2 style=\"text-align: justify;\"><span style=\"font-size: x-large;\"><strong>En Julio de 1920 salieron de Loja los Rvdos. Hermanos Imon\u00eds y Fernando para visitar e inspeccionar el lugar m\u00e1s adecuado para la construcci\u00f3n del nuevo Establecimiento. Empezaron los trabajos de construcci\u00f3n con ardor verdaderamente febril bajo la direcci\u00f3n del amado pastor de la parroquia a quien el Se\u00f1or llev\u00f3 para darle el premio eterno el 12 de Septiembre de 1921 despu\u00e9s de corta y violenta enfermedad. Los trabajos no cesaron con la desaparici\u00f3n del promotor, sino que, m\u00e1s bien venciendo mil dificultades, con la ayuda efectiva del Sr. Don Manuel Mar\u00eda Ojeda, Presidente del M. I. Concejo Municipal, quien no s\u00f3lo continu\u00f3 con la obra, sino que ofreci\u00f3 generosa y galantemente la Casa Municipal para habitaci\u00f3n y Escuela provisionales hasta que se terminaran los trabajos del plantel. La Escuela lleva el nombre de Santa Juana de Arco, por un gusto especial del promotor de la fundaci\u00f3n, el P\u00e1rroco Dr. Adolfo Letombe, franc\u00e9s de origen y ex-alumno Lasallista, y siendo ella una hero\u00edna cat\u00f3lica francesa muy justo era que la primera escuela cat\u00f3lica de Cariamanga la tuviera como patrona.<\/strong><\/span><\/h2>\n<h2 style=\"text-align: justify;\"><span style=\"font-size: x-large;\"><strong>Los Hermanos que fundaron esta obra educativa fueron Heliodoro Jos\u00e9 (Director de la Comunidad), Hnos.: Jos\u00e9, Ignacio de Loyola y Faustino Carlos, llegados a esta comarca el 23 de febrero de 1922 y que iniciaron las clases el 21 de marzo del mismo a\u00f1o.<\/strong><\/span><\/h2>\n<h2 style=\"text-align: justify;\"><span style=\"font-size: x-large;\"><strong>En sus inicios fue escuela, en vista de que brinda una de las mejores educaciones en el cant\u00f3n se increment\u00f3 el colegio y actualmente funciona como Unidad Educativa, con una oferta educativa desde el nivel inicial hasta Bachillerato. La Salle lleva 103 a\u00f1os educando a la comunidad calvense.<\/strong><\/span><\/h2>\n<h2 style=\"text-align: justify;\"><span style=\"font-size: x-large;\"><strong>En su infraestructura, cuenta con amplios espacios, aulas con tecnolog\u00eda, \u00e1reas verdes para el sano esparcimiento de sus estudiantes. Acad\u00e9micamente cuenta con una malla curricular completa y ampliada en las \u00e1reas de ingl\u00e9s, rob\u00f3tica y desarrollo del pensamiento desde Inicial a Bachillerato, adem\u00e1s, en su propuesta para inicial y preparatoria fortalece el \u00e1mbito de Neurofunciones.<\/strong><\/span><\/h2>\n<h2 style=\"text-align: justify;\"><span style=\"font-size: x-large;\"><strong>Actualmente es dirigida por la Mag\u00edster Brenda Carolina Silva Yaguachi, quien ocupa el cargo de RECTORA desde septiembre del 2024. La Comunidad Educativa La Salle de Cariamanga desea augurios de prosperidad a este hermoso sector de la patria, al celebrar el Cent\u00e9simo Sexag\u00e9simo Segundo Aniversario de Restauraci\u00f3n de Cariamanga a Cabecera Cantonal de Calvas.<\/strong><\/span><\/h2>\n<p>[\/et_pb_text][\/et_pb_column][\/et_pb_row][\/et_pb_section][et_pb_section fb_built=\u00bb1&#8243; admin_label=\u00bbAbout\u00bb _builder_version=\u00bb4.23.1&#8243; _module_preset=\u00bbdefault\u00bb background_color=\u00bbgcid-d214ab81-0383-475f-b48e-2c27b44bd017&#8243; custom_margin=\u00bb0px|||||\u00bb custom_padding=\u00bb9px||0px|||\u00bb collapsed=\u00bbon\u00bb global_colors_info=\u00bb{%22gcid-d214ab81-0383-475f-b48e-2c27b44bd017%22:%91%22background_color%22%93}\u00bb][\/et_pb_section][et_pb_section fb_built=\u00bb1&#8243; admin_label=\u00bbCall to Action\u00bb _builder_version=\u00bb4.23.1&#8243; _module_preset=\u00bbdefault\u00bb background_color=\u00bbgcid-d214ab81-0383-475f-b48e-2c27b44bd017&#8243; collapsed=\u00bbon\u00bb global_colors_info=\u00bb{%22gcid-d214ab81-0383-475f-b48e-2c27b44bd017%22:%91%22background_color%22%93}\u00bb][et_pb_row custom_padding_last_edited=\u00bbon|desktop\u00bb _builder_version=\u00bb4.24.0&#8243; _module_preset=\u00bbdefault\u00bb background_color=\u00bbgcid-dfe2e0c1-6f93-4563-8502-7952298bf493&#8243; custom_padding=\u00bb60px|120px|60px|120px|true|true\u00bb custom_padding_tablet=\u00bb30px|30px|30px|30px|true|true\u00bb custom_padding_phone=\u00bb20px|20px|20px|20px|true|true\u00bb border_radii=\u00bbon|20px|20px|20px|20px\u00bb global_colors_info=\u00bb{%22gcid-dfe2e0c1-6f93-4563-8502-7952298bf493%22:%91%22background_color%22%93}\u00bb][et_pb_column type=\u00bb4_4&#8243; _builder_version=\u00bb4.23.1&#8243; _module_preset=\u00bbdefault\u00bb global_colors_info=\u00bb{}\u00bb][et_pb_text _builder_version=\u00bb4.24.0&#8243; _module_preset=\u00bb3b3d8709-53ea-47bf-bc4d-893ebde5a5a6&#8243; header_2_text_color=\u00bb#FFFFFF\u00bb text_orientation=\u00bbcenter\u00bb custom_margin=\u00bb||10px||false|false\u00bb global_colors_info=\u00bb{}\u00bb]<\/p>\n<h2>Nuesta historia se fundamenta en nuestros Valores<\/h2>\n<p>[\/et_pb_text][et_pb_text _builder_version=\u00bb4.24.0&#8243; _module_preset=\u00bb09fc69ec-701a-4340-be2d-793cea294b76&#8243; text_text_color=\u00bb#FFFFFF\u00bb text_orientation=\u00bbcenter\u00bb global_colors_info=\u00bb{}\u00bb]<\/p>\n<p>Puedes leer sobre nuestros Valora, Misi\u00f3n y Visi\u00f3n a continuaci\u00f3n<\/p>\n<p>[\/et_pb_text][et_pb_button button_url=\u00bb@ET-DC@eyJkeW5hbWljIjp0cnVlLCJjb250ZW50IjoicG9zdF9saW5rX3VybF9wYWdlIiwic2V0dGluZ3MiOnsicG9zdF9pZCI6IjE2OSJ9fQ==@\u00bb url_new_window=\u00bbon\u00bb button_text=\u00bbLeer m\u00e1s\u00bb button_alignment=\u00bbcenter\u00bb _builder_version=\u00bb4.24.0&#8243; _dynamic_attributes=\u00bbbutton_url\u00bb _module_preset=\u00bbed45fcb8-4602-4019-97fd-fbb0d978547e\u00bb button_text_color=\u00bbgcid-dfe2e0c1-6f93-4563-8502-7952298bf493&#8243; button_bg_color=\u00bb#FFFFFF\u00bb button_use_icon=\u00bboff\u00bb global_colors_info=\u00bb{%22gcid-27d27316-00ff-460e-9cc1-5df31af25225%22:%91%22button_bg_color%22%93,%22gcid-dfe2e0c1-6f93-4563-8502-7952298bf493%22:%91%22button_text_color%22%93}\u00bb][\/et_pb_button][\/et_pb_column][\/et_pb_row][\/et_pb_section][et_pb_section fb_built=\u00bb1&#8243; admin_label=\u00bbFooter Links\u00bb _builder_version=\u00bb4.24.0&#8243; _module_preset=\u00bbdefault\u00bb background_color=\u00bbgcid-dfe2e0c1-6f93-4563-8502-7952298bf493&#8243; custom_margin=\u00bb11px|||||\u00bb custom_padding=\u00bb102px||12px|||\u00bb global_module=\u00bb152&#8243; saved_tabs=\u00bball\u00bb locked=\u00bboff\u00bb collapsed=\u00bbon\u00bb global_colors_info=\u00bb{%22gcid-dfe2e0c1-6f93-4563-8502-7952298bf493%22:%91%22background_color%22%93}\u00bb][et_pb_row _builder_version=\u00bb4.24.0&#8243; _module_preset=\u00bbdefault\u00bb custom_padding=\u00bb0px||8px|||\u00bb global_colors_info=\u00bb{}\u00bb][et_pb_column type=\u00bb4_4&#8243; _builder_version=\u00bb4.24.0&#8243; _module_preset=\u00bbdefault\u00bb global_colors_info=\u00bb{}\u00bb][et_pb_text _builder_version=\u00bb4.27.4&#8243; _module_preset=\u00bbdefault\u00bb text_text_color=\u00bb#FFFFFF\u00bb text_orientation=\u00bbcenter\u00bb global_colors_info=\u00bb{}\u00bb]<\/p>\n<p><img decoding=\"async\" src=\"https:\/\/static.wixstatic.com\/media\/98d749_064d87306ec548a9880d4b52ee04a33d~mv2.webp\" \/><br \/>U.E.F. Santa Juana de Arco La Salle &#8211; Derechos Reservados<\/p>\n<p>[\/et_pb_text][\/et_pb_column][\/et_pb_row][\/et_pb_section]<\/p>\n","protected":false},"excerpt":{"rendered":"<p>Nuestra HistoriaLA UNIDAD EDUCATIVA FISCOMISIONAL SANTA JUANA DE ARCO \u201cLA SALLE\u201d CARIAMANGA-LOJA-ECUADOR.Creaci\u00f3n: 22-marzo-1922. Fue, el Sr. Don Carlos Eguiguren, secundado por su cristiana familia e impulsado por los nobles hijos de Cariamanga lanz\u00f3 la primera propuesta de fundaci\u00f3n ante el Muy Reverendo Hermano Imon\u00eds, Visitador de ese entonces. Aceptada la propuesta, se difundi\u00f3 la noticia [&hellip;]<\/p>\n","protected":false},"author":5,"featured_media":0,"parent":0,"menu_order":0,"comment_status":"closed","ping_status":"closed","template":"","meta":{"_et_pb_use_builder":"on","_et_pb_old_content":"","_et_gb_content_width":"","footnotes":""},"class_list":["post-145","page","type-page","status-publish","hentry"],"_links":{"self":[{"href":"https:\/\/santajuanadearco.lasalleweb.ec\/index.php?rest_route=\/wp\/v2\/pages\/145","targetHints":{"allow":["GET"]}}],"collection":[{"href":"https:\/\/santajuanadearco.lasalleweb.ec\/index.php?rest_route=\/wp\/v2\/pages"}],"about":[{"href":"https:\/\/santajuanadearco.lasalleweb.ec\/index.php?rest_route=\/wp\/v2\/types\/page"}],"author":[{"embeddable":true,"href":"https:\/\/santajuanadearco.lasalleweb.ec\/index.php?rest_route=\/wp\/v2\/users\/5"}],"replies":[{"embeddable":true,"href":"https:\/\/santajuanadearco.lasalleweb.ec\/index.php?rest_route=%2Fwp%2Fv2%2Fcomments&post=145"}],"version-history":[{"count":21,"href":"https:\/\/santajuanadearco.lasalleweb.ec\/index.php?rest_route=\/wp\/v2\/pages\/145\/revisions"}],"predecessor-version":[{"id":1519,"href":"https:\/\/santajuanadearco.lasalleweb.ec\/index.php?rest_route=\/wp\/v2\/pages\/145\/revisions\/1519"}],"wp:attachment":[{"href":"https:\/\/santajuanadearco.lasalleweb.ec\/index.php?rest_route=%2Fwp%2Fv2%2Fmedia&parent=145"}],"curies":[{"name":"wp","href":"https:\/\/api.w.org\/{rel}","templated":true}]}}